{"id":888,"date":"2021-09-18T23:13:43","date_gmt":"2021-09-18T20:13:43","guid":{"rendered":"http:\/\/www.espack.com.tr\/?page_id=888"},"modified":"2022-05-29T17:18:05","modified_gmt":"2022-05-29T14:18:05","slug":"otomatik-kasa-dikme-ve-robotik-dolum-hatlari","status":"publish","type":"page","link":"https:\/\/www.espack.com.tr\/?page_id=888","title":{"rendered":"KOL\u0130 A\u00c7MA &#038; KAPAMA VE ROBOT\u0130K KUTU DOLUM"},"content":{"rendered":"<p>[vc_row][vc_column width=&#8221;1\/3&#8243;]<h2 class='heading-middle  divider-modern' ><span>KOL\u0130 A\u00c7MA MAK\u0130NASI<\/span><\/h2>[vc_single_image image=&#8221;1442&#8243; img_size=&#8221;full&#8221; alignment=&#8221;center&#8221;][vc_column_text]<\/p>\n<h3 style=\"text-align: left;\"><a href=\"https:\/\/www.espack.com.tr\/?page_id=1507\"><span style=\"color: #ff0000;\">Devam\u0131n\u0131 Oku<\/span><\/a><\/h3>\n<p>[\/vc_column_text][\/vc_column][vc_column width=&#8221;1\/3&#8243;]<h2 class='heading-middle  divider-modern' ><span>Koli Kapama Makinas\u0131<\/span><\/h2>[vc_single_image image=&#8221;1455&#8243; img_size=&#8221;full&#8221; alignment=&#8221;center&#8221;][vc_column_text]<\/p>\n<h3 style=\"text-align: left;\"><span style=\"color: #ff0000;\"><a style=\"color: #ff0000;\" href=\"https:\/\/www.espack.com.tr\/?page_id=1470\">Devam\u0131n\u0131 Oku<\/a><\/span><\/h3>\n<p>[\/vc_column_text][\/vc_column][vc_column width=&#8221;1\/3&#8243;]<h2 class='heading-middle  divider-modern' ><span>Otomatik Dolum Robotu<\/span><\/h2>[vc_single_image image=&#8221;1465&#8243; img_size=&#8221;full&#8221;][\/vc_column][\/vc_row]<\/p>","protected":false},"excerpt":{"rendered":"<p>[vc_row][vc_column width=&#8221;1\/3&#8243;][vc_single_image image=&#8221;1442&#8243; img_size=&#8221;full&#8221; alignment=&#8221;center&#8221;][vc_column_text] Devam\u0131n\u0131 Oku [\/vc_column_text][\/vc_column][vc_column width=&#8221;1\/3&#8243;][vc_single_image image=&#8221;1455&#8243; img_size=&#8221;full&#8221; alignment=&#8221;center&#8221;][vc_column_text] Devam\u0131n\u0131 Oku [\/vc_column_text][\/vc_column][vc_column width=&#8221;1\/3&#8243;][vc_single_image image=&#8221;1465&#8243; img_size=&#8221;full&#8221;][\/vc_column][\/vc_row]<\/p>\n","protected":false},"author":1,"featured_media":0,"parent":0,"menu_order":0,"comment_status":"closed","ping_status":"closed","template":"","meta":{"_joinchat":[],"footnotes":""},"class_list":["post-888","page","type-page","status-publish","hentry"],"_links":{"self":[{"href":"https:\/\/www.espack.com.tr\/index.php?rest_route=\/wp\/v2\/pages\/888","targetHints":{"allow":["GET"]}}],"collection":[{"href":"https:\/\/www.espack.com.tr\/index.php?rest_route=\/wp\/v2\/pages"}],"about":[{"href":"https:\/\/www.espack.com.tr\/index.php?rest_route=\/wp\/v2\/types\/page"}],"author":[{"embeddable":true,"href":"https:\/\/www.espack.com.tr\/index.php?rest_route=\/wp\/v2\/users\/1"}],"replies":[{"embeddable":true,"href":"https:\/\/www.espack.com.tr\/index.php?rest_route=%2Fwp%2Fv2%2Fcomments&post=888"}],"version-history":[{"count":36,"href":"https:\/\/www.espack.com.tr\/index.php?rest_route=\/wp\/v2\/pages\/888\/revisions"}],"predecessor-version":[{"id":1630,"href":"https:\/\/www.espack.com.tr\/index.php?rest_route=\/wp\/v2\/pages\/888\/revisions\/1630"}],"wp:attachment":[{"href":"https:\/\/www.espack.com.tr\/index.php?rest_route=%2Fwp%2Fv2%2Fmedia&parent=888"}],"curies":[{"name":"wp","href":"https:\/\/api.w.org\/{rel}","templated":true}]}}