{"id":1040,"date":"2021-08-09T04:41:12","date_gmt":"2021-08-09T01:41:12","guid":{"rendered":"http:\/\/www.espack.com.tr\/?page_id=1040"},"modified":"2021-09-01T18:20:56","modified_gmt":"2021-09-01T15:20:56","slug":"kase-kapatma-makinasi-kv-620","status":"publish","type":"page","link":"https:\/\/www.espack.com.tr\/?page_id=1040","title":{"rendered":"Kase Kapatma Makinas\u0131 KV-620"},"content":{"rendered":"<p>[vc_row css=&#8221;.vc_custom_1628472548696{margin-top: 50px !important;}&#8221;][vc_column width=&#8221;1\/2&#8243;][vc_single_image image=&#8221;975&#8243; img_size=&#8221;full&#8221;][\/vc_column][vc_column width=&#8221;1\/2&#8243;][vc_column_text]<\/p>\n<h3 class=\"mb-none\"><strong>Kase Kapatma Makinas\u0131 KV-620<\/strong><\/h3>\n<p>620 Modelinde 2 makine \u00f6zelli\u011fi vard\u0131r; 1. si vakum makinesi olarak kullan\u0131l\u0131r, 2. si kase kapatma gazl\u0131 sistem termokap makinesi olarak ve 4 kal\u0131p ile birlikte verilir. \u00e7ok ama\u00e7l\u0131 bir makinedir ayr\u0131ca otomatik kapak \u00f6zelli\u011fi vard\u0131r. Pratik bir \u00e7\u00f6z\u00fcm i\u00e7in geli\u015ftirilmi\u015f olan tabak a\u011fz\u0131 kapatma ambalaj makinesidir. Ayakl\u0131 model kase kapatma makinesi ile farkl\u0131 t\u00fcrlerden g\u0131da \u00fcr\u00fcnlerini g\u00fcvenli ve kolay \u015fekilde paketleyip sat\u0131\u015fa sunman\u0131z m\u00fcmk\u00fcnd\u00fcr. Sadece stre\u00e7 film ile ambalajlamaya k\u0131yasla \u00fcr\u00fcnlerinizin \u00e7ok uzun s\u00fcre taze ve hijyen kalmas\u0131n\u0131 sa\u011flar.<br \/>\nAyakl\u0131 kase ambalajlama , Masa\u00fcst\u00fc modele k\u0131yasla krom ayakl\u0131 olmas\u0131 y\u00fcksekli\u011fi kimi i\u015fletmeler i\u00e7in tercih sebebidir.[\/vc_column_text][\/vc_column][\/vc_row][vc_row css=&#8221;.vc_custom_1628469481179{margin-top: 30px !important;}&#8221;][vc_column width=&#8221;1\/2&#8243;][vc_tta_tabs color=&#8221;juicy-pink&#8221; active_section=&#8221;1&#8243;][vc_tta_section title=&#8221;Teknik \u00d6zellikler&#8221; tab_id=&#8221;1628469292272-723b6db8-4d49&#8243;][vc_single_image image=&#8221;1041&#8243; img_size=&#8221;full&#8221;][\/vc_tta_section][vc_tta_section title=&#8221;Kullan\u0131m Alanlar\u0131&#8221; tab_id=&#8221;1628469292282-a781891e-801f&#8221;][\/vc_tta_section][vc_tta_section title=&#8221;Foto\u011fraflar&#8221; tab_id=&#8221;1628469298790-327989eb-0da7&#8243;][vc_gallery type=&#8221;image_grid&#8221; images=&#8221;1042,1043,1044,1045,1046,1047&#8243;][\/vc_tta_section][\/vc_tta_tabs][\/vc_column][vc_column width=&#8221;1\/2&#8243;]<div class=\"video-wrapper\"><iframe loading=\"lazy\" src=\"https:\/\/www.youtube.com\/embed\/ldpA4DO4sPo?wmode=transparent\" width=\"1280\" height=\"315\" style=\"border: none !important\"><\/iframe><\/div>[\/vc_column][\/vc_row]<\/p>","protected":false},"excerpt":{"rendered":"<p>[vc_row css=&#8221;.vc_custom_1628472548696{margin-top: 50px !important;}&#8221;][vc_column width=&#8221;1\/2&#8243;][vc_single_image image=&#8221;975&#8243; img_size=&#8221;full&#8221;][\/vc_column][vc_column width=&#8221;1\/2&#8243;][vc_column_text] Kase Kapatma Makinas\u0131 KV-620 620 Modelinde 2 makine \u00f6zelli\u011fi vard\u0131r; 1. si vakum makinesi olarak kullan\u0131l\u0131r, 2. si kase kapatma gazl\u0131 sistem termokap makinesi olarak ve 4 kal\u0131p ile birlikte verilir. \u00e7ok&#8230;<\/p>\n","protected":false},"author":1,"featured_media":0,"parent":0,"menu_order":0,"comment_status":"closed","ping_status":"closed","template":"","meta":{"_joinchat":[],"footnotes":""},"class_list":["post-1040","page","type-page","status-publish","hentry"],"_links":{"self":[{"href":"https:\/\/www.espack.com.tr\/index.php?rest_route=\/wp\/v2\/pages\/1040","targetHints":{"allow":["GET"]}}],"collection":[{"href":"https:\/\/www.espack.com.tr\/index.php?rest_route=\/wp\/v2\/pages"}],"about":[{"href":"https:\/\/www.espack.com.tr\/index.php?rest_route=\/wp\/v2\/types\/page"}],"author":[{"embeddable":true,"href":"https:\/\/www.espack.com.tr\/index.php?rest_route=\/wp\/v2\/users\/1"}],"replies":[{"embeddable":true,"href":"https:\/\/www.espack.com.tr\/index.php?rest_route=%2Fwp%2Fv2%2Fcomments&post=1040"}],"version-history":[{"count":4,"href":"https:\/\/www.espack.com.tr\/index.php?rest_route=\/wp\/v2\/pages\/1040\/revisions"}],"predecessor-version":[{"id":1372,"href":"https:\/\/www.espack.com.tr\/index.php?rest_route=\/wp\/v2\/pages\/1040\/revisions\/1372"}],"wp:attachment":[{"href":"https:\/\/www.espack.com.tr\/index.php?rest_route=%2Fwp%2Fv2%2Fmedia&parent=1040"}],"curies":[{"name":"wp","href":"https:\/\/api.w.org\/{rel}","templated":true}]}}